common divisor of u and 6?
3
Suppose -3*k - 2*g + 50 = 0, 94*g - 92*g + 50 = 2*k. Let i be -5*(2 - 36/10). Calculate the greatest common factor of k and i.
4
Let s(z) = -9*z + 2. Let f be s(1). Let y(c) = -2*c + 11. Let o be y(f). Calculate the greatest common divisor of 100 and o.
25
Let g be (5 - 235/(-10))/((-3)/(-4)). What is the greatest common divisor of g and 95?
19
Let q be (5 + (-132)/30)*405. Calculate the greatest common divisor of 54 and q.
27
Suppose -45 = -5*q - 5*m, m - 221 = -4*q - 194. Suppose 0 = -4*j + 3 + 1. Let x be 1 + 1 - (j - 53). What is the highest common factor of x and q?
6
Let p = 80 + -38. Let h = 71 - p. Suppose 0 = -5*i - 5*f + 150, i = -5*f + h + 9. Calculate the greatest common factor of 196 and i.
28
Let r(x) = 0*x + 4*x**2 - 7*x + x - 3*x. Let w be r(9). Let o(q) = 2*q**2 + 11*q + 6. Let v be o(-7). What is the greatest common divisor of w and v?
27
Let w(j) = -24*j - 1. Let m be w(-4). Suppose 0 = -s - 26 + m. Let g = s - 29. What is the greatest common factor of 16 and g?
8
Suppose 5*d - 49 = 26. Let t = d + 1. What is the highest common factor of 16 and t?
16
Let w be ((-32)/10)/((-270)/10125). What is the greatest common divisor of w and 70?
10
Let x(p) = -52*p - 543. Let v be x(-12). What is the highest common divisor of 36 and v?
9
Let a(u) be the second derivative of 1/20*u**5 + 0 - 14*u + 1/6*u**4 - 1/2*u**3 + 1/2*u**2. Let x be a(-3). What is the greatest common factor of 2 and x?
1
Let n(i) = -i**3 + 7*i**2 - 7*i + 5. Let m be n(5). Let f = 396 - 346. What is the highest common factor of m and f?
10
Let m(c) = 44*c**2 - 11*c + 5. Let u be m(4). Let h = u + -364. What is the highest common factor of h and 43?
43
Let c = -27 - -43. Suppose 210*t - 10 = 205*t. Calculate the highest common factor of t and c.
2
Let v = 479 + -279. Calculate the highest common factor of 10 and v.
10
Let i(c) = 2*c - 9. Let n be i(6). Suppose -5*a = -n*p - 651, -3*a = 5*p - 0*p - 411. Calculate the highest common divisor of a and 12.
12
Suppose 14 = 15*s - 46. Suppose -s*l - n + 81 = -6*n, 2*n = 6. Calculate the greatest common factor of l and 40.
8
Suppose 0 = -o + 26 - 3. Calculate the greatest common factor of o and 437.
23
Let d be ((-20)/120)/(1/6)*-245. What is the highest common divisor of d and 385?
35
Let i = 784 + -670. Calculate the highest common divisor of i and 30.
6
Let h be (5/(-20) - 34/(-8))*11. What is the highest common factor of h and 4?
4
Suppose -4*i + 11343 = g - 558, i - 2973 = -g. What is the greatest common factor of i and 31?
31
Suppose 39*t = 42*t - 42. Let g = -3 - -6. Suppose -k - g*j = k - 70, 3*k + 4*j = 105. Calculate the greatest common factor of k and t.
7
Let u(r) = -47*r - 28. Suppose 0 = -3*v + 2*s - 10 - 12, 0 = 5*v + 5*s - 5. Let q be u(v). Calculate the greatest common factor of 32 and q.
32
Suppose -61*u - 12894 = -85362. What is the greatest common divisor of 27 and u?
27
Let b be (0 - (-3)/9)*159. Suppose -3*q = -f - 13, -2*f = -q + 4*q - 10. Suppose -b = -q*j + 7. Calculate the greatest common factor of j and 105.
15
Let q = -17 + 107. Let i = q - 74. Calculate the greatest common divisor of i and 40.
8
Suppose 0*a - a + 801 = l, 804 = a + 4*l. What is the highest common factor of 32 and a?
32
Let p be (-137)/(-3) - (-2)/6. Let f = -48 - -97. Suppose -2*d + 3*o + 47 + 14 = 0, -f = -3*d - 4*o. What is the greatest common divisor of d and p?
23
Let r = 379 - 145. What is the highest common divisor of r and 39?
39
Suppose -4*j + 3*c = 17, -j + 3 = -c + 6. Let w(n) = 3*n**2 - 2*n + 2. Let u be w(j). Let y be (-3)/12 + u/8. What is the greatest common divisor of y and 104?
26
Let f be (-108)/2*99/(-27). Suppose 0*v + 4*v = 0. Suppose 4*r = -v*r + 72. What is the highest common divisor of f and r?
18
Suppose 2*x = 6*x - 108. Let u = -1291 + 1588. Calculate the greatest common factor of x and u.
27
Let t(g) = 27*g**2 - g - 2. Let b be t(-2). What is the highest common factor of 135 and b?
27
Suppose -5*f + 46 = 2*t + 2, -3*f - 3*t + 30 = 0. Let b = -153 + 161. What is the greatest common divisor of f and b?
8
Let p(f) = 2*f + 20. Let v be p(-6). Let z be (-1)/1 + 2 + 4. Suppose 0 = 3*s + z - 17. Calculate the highest common factor of s and v.
4
Let w(f) = 7*f**3 - 1. Let b be w(-1). Let p(v) = 5*v**2 + 11*v + 16. Let u be p(b). Calculate the greatest common factor of u and 31.
31
Suppose 0 = -2*y + 75 + 161. Let m be 19/(-76) - y/8. Let i be ((-2)/6)/(5/m). What is the greatest common divisor of 4 and i?
1
Let o be (-8)/(-6)*3/(-2). Let n be o/(10/(-4 - 1)). Suppose -7 - 5 = -4*g. What is the highest common factor of n and g?
1
Suppose 5*x - x = -3*r + 1109, 3*x + 3*r = 834. What is the highest common divisor of 50 and x?
25
Let g = -2 + 3. Suppose 0*u - 270 = -10*u. Let f be 2/(((-12)/u)/4*-6). Calculate the greatest common divisor of g and f.
1
Let t be 33/(1/8*4). Let c be (-1)/4 + t/8. Suppose -5*y = 10 + 15, -2*y - c = r. Calculate the greatest common factor of r and 10.
2
Let z(k) = k**2 + 14*k + 82. Let y be z(-9). What is the greatest common divisor of 925 and y?
37
Let v be (-27)/(3/1)*-9. Suppose 0*p - 2*p - 8 = 0. Let k = p - -13. Calculate the greatest common divisor of k and v.
9
Let j(f) = -2*f**3 + 28*f**2 + 40*f - 74. Let u be j(14). Calculate the highest common divisor of u and 216.
54
Let v(f) = -f**2 + 13*f + 23. Let i be v(7). Calculate the highest common divisor of 377 and i.
13
Let p be (-3)/2*(-16)/6. Suppose -4*v - 2*h = -p*h - 168, 0 = 3*v - 5*h - 140. What is the greatest common divisor of 120 and v?
40
Let u be 9/(-15) + 2306/10. Let o = 2 - 5. Let r be (24 + -1)/(-2 - o). Calculate the greatest common divisor of r and u.
23
Suppose 4*v - 1 = -2*u + v, -u + 33 = -5*v. Let q = 56 + u. What is the greatest common divisor of 8 and q?
8
Let k be (74/6)/(24/360). Calculate the highest common divisor of 74 and k.
37
Let c = 819 - 813. What is the highest common factor of c and 7?
1
Let c(d) = 5*d**2 - 56*d - 262. Let p be c(-19). Calculate the greatest common factor of 33 and p.
33
Let t = -36 + 43. Let q(g) = -g + 31. Let n be q(t). Calculate the greatest common divisor of n and 192.
24
Let m = -73 + 47. Let l = 143 + m. What is the greatest common divisor of l and 78?
39
Let g(h) = 3*h**3 - 13*h**2 + 13*h - 16. Let v be g(11). Suppose 5*y - 8*y = -v. Suppose -4*r - 17 = -y. What is the greatest common factor of r and 26?
26
Suppose 0 = -2*u + 5*u - 135. Let i(w) = w**2 - 20*w - 34. Let o be i(25). Let s = o + -86. Calculate the greatest common factor of s and u.
5
Suppose -70 + 301 = 21*s. Calculate the greatest common divisor of s and 55.
11
Let h(s) = s**3 - 18*s**2 + 32*s + 10. Let u be h(16). What is the greatest common divisor of u and 4?
2
Suppose 0 = 5*n + 1538 + 727. Let t = -312 - n. Let s = t - 45. Calculate the highest common divisor of 12 and s.
12
Let k = -11 + 16. Let f(p) = 12*p. Let s be f(k). What is the greatest common factor of 24 and s?
12
Let f = 87 + -84. Let k be 6/(-9) + 83/f. What is the highest common factor of 36 and k?
9
Let f(t) = -t**3 + 7*t**2 + 10*t - 2. Let n = -30 + 38. Let m be f(n). Calculate the greatest common factor of m and 56.
14
Suppose -45*w + 2330 = 710. What is the highest common divisor of w and 96?
12
Let o be 2*((-330)/4)/(-3). Suppose -2*h + 5 = -3. Let a be 3 + 5 - (-1 + h). What is the greatest common divisor of a and o?
5
Let p be (104/14 - -1) + (-27)/63. Suppose 4*b = 5*r - 164, 8*r + 2*b = 4*r + 126. Calculate the highest common factor of r and p.
8
Let n be (-12)/18*(14 - 2). Let y be (n/6)/((-3)/144). Suppose y = 4*f - 4*i, 49 - 1 = 2*f + 2*i. Calculate the highest common factor of 30 and f.
10
Let q = -29 - -33. Let v(b) = -b**3 + 8*b**2 - 4*b + 2. Let y be v(q). What is the highest common divisor of 25 and y?
25
Suppose -4*g + 0*g + 276 = 0. Let d(q) = -73*q**3 - q**2 + 1. Let h be d(-1). Let s = -27 + h. Calculate the greatest common factor of g and s.
23
Let u = -2576 - -2583. Calculate the greatest common divisor of u and 119.
7
Let m = 121 + 101. Suppose -4*k = 3*y - m, -4*k = -k + 2*y - 166. Calculate the greatest common divisor of k and 6.
6
Suppose y + 4*d - 93 = 0, 255 = 4*y + 3*d - 91. Let l = -62 + y. Calculate the greatest common factor of l and 184.
23
Let b be ((-187)/(-22) + -7)/((-2)